*n**2 + 5 - 1 + 4. Give j(7).
-4
Suppose 9*c + 250 = 232. Let l(n) be the second derivative of -3*n**5/20 + n**4/3 + n**3/3 - n**2 + 102*n. Give l(c).
34
Let k be 3*(342/(-27) + 13). Let j(f) = 16*f + 3. Give j(k).
19
Let h(d) = -d. Let x(n) = n + 146. Let p(w) = -4*h(w) + x(w). Give p(-29).
1
Let k be ((32/4)/(-2)*(10 - 9))/(-1). Let u(v) be the third derivative of -1/6*v**3 + 7*v**2 + 0 + 0*v - 1/12*v**k. What is u(1)?
-3
Suppose 21*y + 20*y - 330 = 8*y. Let n(t) = 14*t**2 + 27*t - 8. Let z(v) = -5*v**2 - 9*v + 3. Let j(c) = -6*n(c) - 17*z(c). What is j(y)?
7
Suppose 9287 = -31*g - 7825. Let t = 544 + g. Let r(v) = v**2 + 10*v - 4. Give r(t).
-20
Let d(r) = r + 8 + 6 - 12 - 2*r. Let j be d(6). Let y(s) be the second derivative of s**5/20 + 5*s**4/12 + 2*s**3/3 - 2*s**2 + 48*s + 1. What is y(j)?
-4
Let k be (-2 - (-57)/6)*2. Suppose 17*d - k*d = -8. Let c(m) = m**2 - m - 1. Let g(f) = -7*f**2 + 2*f + 11. Let v(w) = -6*c(w) - g(w). Calculate v(d).
-5
Let n(i) = -3*i + 22. Let x(j) = j**2 - 254*j - 1834. Let p be x(-7). Suppose -w = -0 - 5. Let z(g) = -2*g + 15. Let s(c) = p*z(c) + w*n(c). Calculate s(-4).
9
Let o(g) = -36*g**2 + 5 - g + 91*g**2 - 47*g**2. Let d(l) = 7*l**2 - l + 3. Let r(f) = -3*d(f) + 2*o(f). Give r(2).
-17
Let o(z) = -52 + 15*z - 10 - 8 + 15 + 0*z. Calculate o(6).
35
Let l(h) = -3*h + 6. Let u be (2 - -7)/((-129)/(-24) - 5). Suppose -38*t + 35*t = -u. What is l(t)?
-18
Let g(o) = o**2 - 2*o - 6. Let h(y) = 0*y - 2*y**2 + 6*y + y**2 - 4*y + 6. Let w(z) = -3*g(z) - 4*h(z). Determine w(5).
9
Let b = 8448 + -8462. Let f(k) = k**3 + 14*k**2 - 3*k - 47. Give f(b).
-5
Let y(l) = -6*l**2 + 7*l + l**3 + 4319 - 4314 + 5*l - 8*l. Let q(f) = 4*f**3 + 2*f**2 - 2*f + 1. Let h be q(1). Give y(h).
0
Suppose 5 = i - 8. Suppose i*u - 8*u + 10 = 0. Let x(l) = -5*l - 5. Calculate x(u).
5
Let x(f) = -9*f + 285. Let b be x(32). Let t be 4*1*(-1 - 0). Let j = b + t. Let n(a) = -a**3 - 6*a**2 + 7*a + 4. Give n(j).
4
Let z(i) = -678*i + 344*i + 343*i - 2 - 3. Calculate z(-4).
-41
Suppose -613*m = -617*m + 8. Suppose -6*a + a + t = 12, 2*a = m*t. Let s(g) = -g**3 - 3*g**2 - 5*g - 2. Calculate s(a).
13
Let v(g) = -g + 6. Let a be ((-5)/(-15)*6)/(-1). Let z(m) = -3*m**2 + 56*m + 111. Let u be z(a). Give v(u).
19
Let f(d) = -4*d**2 - d**3 - 3*d**2 + 5 + 6*d**2. Let t = -542 + 542. What is f(t)?
5
Let k(h) be the first derivative of 19*h**3/3 - h**2/2 - 6. Let r be 6/1 - 50/10. Suppose 2*c + 4 = -2*x, -5*x - 4*c - r = -8*x. Determine k(x).
20
Suppose -7*k - 16 = -4*b - 8*k, -3*b = k - 11. Let n(i) = -i**3 + 4*i**2 + 4*i + 16. Calculate n(b).
11
Let j(t) = 3 - t**2 - t + t**2 + t**2 + 9. Let a be (5 + (-2)/(22/55))/4. Give j(a).
12
Let j(m) be the second derivative of -m**5/20 - m**4/4 - 2*m**3/3 - 4*m**2 - 5*m. Suppose 5*b - 5 = 0, 3*y - 4*b + 1 + 15 = 0. Determine j(y).
24
Let x be -6 + 4/8*-2. Let b(m) = -15*m - 111. Let z be b(x). Let n(t) = -t**2 - 8*t - 2. What is n(z)?
10
Let c be (4 - -276)/(-5) + 3. Let x = c - -9. Let k be 24/10 - x/(-110). Let o(h) = -h**3 + h**2 + 1. What is o(k)?
-3
Let f(b) = b**2 - b + 1. Let c(u) = 11*u**2 + 66*u + 109. Let g(n) = -4*n**2 - 22*n - 36. Let k(q) = -3*c(q) - 8*g(q). Let x be k(-20). Determine f(x).
1
Let f(p) = 39*p**2 + 9*p**3 - 33 - 3*p**3 - 42*p - 46 + 0 - 5*p**3. Let r be f(-40). Let c(n) = -3*n**3 - n**2. Calculate c(r).
-4
Let g(o) = -o**2 - 9*o - 1. Let s be 2/(-4 - (-78)/18). Suppose -4*p + s*p = 2*m - 10, -5*p - 43 = m. Calculate g(p).
7
Let r be 30*((5/(-2))/1 - -3). Suppose z = -7*g + 3*g - 14, -3*g = 3*z + r. Let b(c) = 3*c + 1. What is b(z)?
-5
Let f(l) = 3*l**2 - 3*l + 10. Let c be f(5). Suppose -6*t = -106 + c. Let o be t - 264/40 - 54/10. Let u(h) = -h**2 - 6*h. Determine u(o).
0
Let x(a) = a**2 + 9*a - 7. Suppose 85*v = 10*v - 525. Calculate x(v).
-21
Let k be -4 - ((-2)/(-6) - 790/237) - -3. Let j(m) = -7*m**2 + 19*m - 5. What is j(k)?
5
Let x be (-4)/18 + 12/54. Let a(l) = -l + 2*l + 26 - 40. Give a(x).
-14
Let t be 1 - (-5 + ((-1)/1)/1). Let j(x) = x**3 + x + 21. Let a(k) = k**2 + k + 4. Let b(z) = 6*a(z) - j(z). Give b(t).
-11
Let w = -1695 + 1687. Let c(t) = 5*t + 44. Calculate c(w).
4
Let w(m) = 10*m**3 + m**2 + 29*m**3 + 5*m**3 + 2*m**2 - 56*m**3 - 5 + 3*m. What is w(1)?
-11
Let v(i) = 2*i + 6. Let k(o) = -7*o - 13. Let l(u) = k(u) + v(u). Suppose -6*w = -2*w - 3*z + 36, -5*w - 42 = -3*z. What is l(w)?
23
Let f(j) = j**3 + 3*j**2 + 3*j + 30. Let p be f(-4). Let s(k) = -9*k**p + k + 3 - 3*k + 6*k**2 + 0*k**2. Calculate s(2).
-13
Let a(r) = -3*r**2 + 4*r + 7*r**2 + 1 - 6*r**3 - 2*r**2 + 2*r**2. Let t(w) = w**3 - w**2 - w + 1. Let n(u) = -a(u) - 5*t(u). Let o = 4391 + -4391. Give n(o).
-6
Suppose 50*q = -1723 + 323. Let c be -5 - q/(-21)*-3. Let k(f) be the second derivative of -f**4/6 + f**3/6 - f. Determine k(c).
-3
Let x(w) be the first derivative of -w**4/4 + 8*w**3/3 - 2*w**2 + 4*w + 152. Calculate x(4).
52
Let h(x) be the second derivative of -3*x**3/2 + 19*x**2 - 2*x - 20. Give h(9).
-43
Let d = -18 + -9. Let j = d - -29. Suppose -24 = -4*z + j*h, z + 4*h = -2*z - 4. Let n(i) = -i**2 + 3*i + 5. Determine n(z).
1
Let b(c) = -c**2 + 89*c - 492. Let f be b(6). Let i(j) = -j**2 - 3*j + 3. Determine i(f).
-51
Let m(d) be the first derivative of -1/3*d**3 + 154 + 2*d**2 + 3*d. What is m(6)?
-9
Let c(i) = i**3 + 12*i**2 + 11*i - 3. Let j be 9 - (-6 - -9)/1. Let h be 2*(118/(-20) + j/15). Determine c(h).
-3
Let i(c) = c**3 - 6*c**2 - 10*c + 5. Let r be ((-6)/3)/(31/837). Let s = 61 + r. Give i(s).
-16
Let p(k) be the second derivative of -k**5/30 - k**4/3 - k**3/2 + 105*k**2 - 164*k. Let n(i) be the first derivative of p(i). What is n(-5)?
-13
Let b(i) = 13*i - 220. Let w be (-208)/(-12) + (-108)/81. Give b(w).
-12
Let f(b) = 9*b + 46. Let t(c) = -11*c - 57. Let p(y) = 5*f(y) + 4*t(y). Let d be -2 + (-9 - -2) + 1. Let z = d + 0. What is p(z)?
-6
Let n(t) = -3*t**2 - 3*t + 2. Let v(y) = -4*y**2 + 2. Let x(f) = -3*n(f) + 2*v(f). Suppose 5*h = 3*g - 6*g - 14, 36 = -5*g - 2*h. What is x(g)?
-10
Suppose -25 = 5*b, 4*b = 4*a - 20 - 16. Suppose 0 = -2*f + 3*r + 21, a*r = -2*f - 0*f. Let g(o) = o**3 - 5*o**2 - 3*o - 11. Calculate g(f).
7
Let w = 2342 + -2317. Let y(x) be the second derivative of -3/2*x**3 + 1/12*x**4 + 5/2*x**2 + w*x + 0. Give y(7).
-9
Suppose -2*f = -b + 104, -f + 396 = 4*b - 4*f. Let y(n) = b - 203 + 106 - n. What is y(6)?
-7
Let w(n) = -15 + 155*n**2 - 18*n - 313*n**2 + 155*n**2. Determine w(-7).
-36
Let g(m) = -2588 + 7*m - 3*m - 3*m + 2580. Let c = 0 - 0. Let n = c - -8. Calculate g(n).
0
Let b(z) = -z**2 - 4*z + 2. Suppose 5*c = -4*o - 432, 0 = -18*o + 14*o + 2*c - 432. Let a be (1/(-2))/((-9)/o). Calculate b(a).
-10
Let c(m) = 3*m**3 + 18*m**2 - m + 3. Let x(w) = -4*w**3 - 21*w**2 + w - 4. Let s(g) = -6*c(g) - 5*x(g). Let h(o) = 5 - 1 - o + 0*o. Let y be h(2). Give s(y).
8
Let w(r) = -20*r - 361. Suppose 127 + 1308 = -108*b - 509. Give w(b).
-1
Suppose 4*k + 12 + 15 = 13*k. Let b(u) be the second derivative of -1/6*u**k + 0 - 9/2*u**2 - 18*u. Determine b(-6).
-3
Let f(i) = -i**3 + 8*i**2 - 6*i - 2. Let v(p) = -p**2 - 26*p + 322. Let j be v(9). Calculate f(j).
5
Let r(n) = -6*n - 88. Let s be r(-23). Suppose s*u + 24 = 56*u. Let b(o) = 2*o**2 - 5*o - 3. Give b(u).
9
Let l(j) = -7*j + 4. Let f = 115 - 115. Suppose 8*q - 13 - 11 = f. What is l(q)?
-17
Suppose l - z + 3 = 0, l - 67*z = -62*z - 11. Let p(y) = 3*y**2 + 8*y + 1. Give p(l).
-4
Let k(i) = 22 + 2*i + 2*i + 7*i - 43 - 12*i. Give k(-15).
-6
Let s = -795 - -782. Let j(q) = q**2 + 17*q + 52. What is j(s)?
0
Let q(i) = -i**3 - 12*i**2 - 9*i + 21. Let c(x) = 90*x - 2891. Let k be c(32). Calculate q(k).
-1
Let j(r) be the second derivative of 3*r**3/2 + 33*r**2 - 122*r - 8. Calculate j(-7).
3
Let s(m) = 28*m**2 - m - 1. Let v = 408 - 162. Let d = 245 - v. Give s(d).
28
Let d = -223 - -217. Let x(v) = -3*v**2 + 6*v - 9. Let f(b) = -3*b**2 + 7*b - 11. Let w(y) = d*x(y) + 5*f(y). Give w(2).
9
Let l(w) = w**3 - 89*w**2 - 103*w + 1159. Let x be l(90). Let p(g) = -g**2 - 5 + 8 - 10*g + 4. What is p(x)?
-4
Let a(p) be the first derivative of 1/6*p**3 - 31*p - 17 - 1/2*p**2. Let b(g) be the first derivative of a(g). What is b(2)?
1
Let b(g) be the third derivative of -g**4/12 + 9*g**3/2 + 2*g**2 - 570*g. What is b(13)?
1
Let h